{"id":243,"date":"2017-04-21T21:18:38","date_gmt":"2017-04-22T00:18:38","guid":{"rendered":"http:\/\/saolourencodaserra.sp.gov.br\/novo\/?page_id=243"},"modified":"2021-04-08T16:59:15","modified_gmt":"2021-04-08T19:59:15","slug":"o-padroeiro","status":"publish","type":"page","link":"http:\/\/saolourencodaserra.sp.gov.br\/novo\/a-cidade\/o-padroeiro\/","title":{"rendered":"O padroeiro"},"content":{"rendered":"<h3>O padroeiro S\u00e3o Louren\u00e7o &#8211; di\u00e1cono e m\u00e1rtir<\/h3>\n<p>S\u00e3o Louren\u00e7o sofreu o mart\u00edrio durante a persegui\u00e7\u00e3o de Valeriano, em 258. Era o primeiro dos sete di\u00e1conos da Igreja romana. A sua fun\u00e7\u00e3o era muito importante o que fazia com que, depois do papa, fosse o primeiro respons\u00e1vel pelas coisas da Igreja.<br \/>\nComo di\u00e1cono, S\u00e3o Louren\u00e7o tinha o encargo de assistir o papa nas celebra\u00e7\u00f5es; administrava os bens da Igreja, dirigia a constru\u00e7\u00e3o dos cemit\u00e9rios, olhava pelos necessitados, pelos \u00f3rf\u00e3os e vi\u00favas. Foi executado quatro dias depois da morte de Sisto II e de seus companheiros. O seu culto remonta ao s\u00e9culo IV. Preso, foi intimado a comparecer diante do prefeito de Cornelius Saecularis, a fim de prestar contas dos bens e das riquezas que a Igreja possu\u00eda.<br \/>\nPediu, ent\u00e3o, um prazo para faz\u00ea-lo, dizendo que tudo entregaria. Confessou que a Igreja era muito rica e que a sua riqueza ultrapassava a do imperador. Foram-lhe concedidos tr\u00eas dias. S\u00e3o Louren\u00e7o reuniu os cegos, os coxos, os aleijados, toda sorte de enfermos, crian\u00e7as e velhos. Anotou-lhes os nomes&#8230;<br \/>\nIndignado, o governador concedeu-o a um supl\u00edcio especialmente cruel: amarrado sobre uma grelha foi assado vivo e lentamente. Em meio dos tormentos mais atrozes, ele conservou o seu \u201cbom humor crist\u00e3o\u201d. Dizia ao carrasco: &#8220;Vira-me, que deste lado j\u00e1 est\u00e1 bem assado \u2026 Agora est\u00e1 bom, est\u00e1 bem assado. Podes comer!&#8221;<\/p>\n<p>Roma crist\u00e3 venera o hispano Louren\u00e7o com a mesmo venera\u00e7\u00e3o e respeito com que honra os primeiros ap\u00f3stolos. Depois de S\u00e3o Pedro e S\u00e3o Paulo, a festa de S\u00e3o Louren\u00e7o foi a maior da antiga liturgia romana. O que foi Santo Est\u00eav\u00e3o em Jerusal\u00e9m, isso mesmo foi S\u00e3o Louren\u00e7o em Roma.<\/p>\n<p><strong>Fonte: <a href=\"http:\/\/www.paroquiasls.com.br\/historia-da-paroquia.html\" target=\"_blank\" rel=\"noopener noreferrer\">Par\u00f3quia Nossa Senhora Aparecida e S\u00e3o Louren\u00e7o<\/a><\/strong><\/p>\n","protected":false},"excerpt":{"rendered":"<p>O padroeiro S\u00e3o Louren\u00e7o &#8211; di\u00e1cono e m\u00e1rtir S\u00e3o Louren\u00e7o sofreu o mart\u00edrio durante a persegui\u00e7\u00e3o de Valeriano, em 258. Era o primeiro dos sete di\u00e1conos da Igreja romana. A sua fun\u00e7\u00e3o era muito importante o que fazia com que, depois do papa, fosse o primeiro respons\u00e1vel pelas coisas da Igreja. Como di\u00e1cono, S\u00e3o Louren\u00e7o &#8230;<\/p>\n","protected":false},"author":1,"featured_media":0,"parent":13,"menu_order":0,"comment_status":"closed","ping_status":"closed","template":"","meta":[],"_links":{"self":[{"href":"http:\/\/saolourencodaserra.sp.gov.br\/novo\/wp-json\/wp\/v2\/pages\/243"}],"collection":[{"href":"http:\/\/saolourencodaserra.sp.gov.br\/novo\/wp-json\/wp\/v2\/pages"}],"about":[{"href":"http:\/\/saolourencodaserra.sp.gov.br\/novo\/wp-json\/wp\/v2\/types\/page"}],"author":[{"embeddable":true,"href":"http:\/\/saolourencodaserra.sp.gov.br\/novo\/wp-json\/wp\/v2\/users\/1"}],"replies":[{"embeddable":true,"href":"http:\/\/saolourencodaserra.sp.gov.br\/novo\/wp-json\/wp\/v2\/comments?post=243"}],"version-history":[{"count":0,"href":"http:\/\/saolourencodaserra.sp.gov.br\/novo\/wp-json\/wp\/v2\/pages\/243\/revisions"}],"up":[{"embeddable":true,"href":"http:\/\/saolourencodaserra.sp.gov.br\/novo\/wp-json\/wp\/v2\/pages\/13"}],"wp:attachment":[{"href":"http:\/\/saolourencodaserra.sp.gov.br\/novo\/wp-json\/wp\/v2\/media?parent=243"}],"curies":[{"name":"wp","href":"https:\/\/api.w.org\/{rel}","templated":true}]}}

<h3>O padroeiro São Lourenço &#8211; diácono e mártir</h3>
<p>São Lourenço sofreu o martírio durante a perseguição de Valeriano, em 258. Era o primeiro dos sete diáconos da Igreja romana. A sua função era muito importante o que fazia com que, depois do papa, fosse o primeiro responsável pelas coisas da Igreja.<br />
Como diácono, São Lourenço tinha o encargo de assistir o papa nas celebrações; administrava os bens da Igreja, dirigia a construção dos cemitérios, olhava pelos necessitados, pelos órfãos e viúvas. Foi executado quatro dias depois da morte de Sisto II e de seus companheiros. O seu culto remonta ao século IV. Preso, foi intimado a comparecer diante do prefeito de Cornelius Saecularis, a fim de prestar contas dos bens e das riquezas que a Igreja possuía.<br />
Pediu, então, um prazo para fazê-lo, dizendo que tudo entregaria. Confessou que a Igreja era muito rica e que a sua riqueza ultrapassava a do imperador. Foram-lhe concedidos três dias. São Lourenço reuniu os cegos, os coxos, os aleijados, toda sorte de enfermos, crianças e velhos. Anotou-lhes os nomes&#8230;<br />
Indignado, o governador concedeu-o a um suplício especialmente cruel: amarrado sobre uma grelha foi assado vivo e lentamente. Em meio dos tormentos mais atrozes, ele conservou o seu “bom humor cristão”. Dizia ao carrasco: &#8220;Vira-me, que deste lado já está bem assado … Agora está bom, está bem assado. Podes comer!&#8221;</p>
<p>Roma cristã venera o hispano Lourenço com a mesmo veneração e respeito com que honra os primeiros apóstolos. Depois de São Pedro e São Paulo, a festa de São Lourenço foi a maior da antiga liturgia romana. O que foi Santo Estêvão em Jerusalém, isso mesmo foi São Lourenço em Roma.</p>
<p><strong>Fonte: <a href="http://www.paroquiasls.com.br/historia-da-paroquia.html" target="_blank" rel="noopener noreferrer">Paróquia Nossa Senhora Aparecida e São Lourenço</a></strong></p>

<p>O padroeiro São Lourenço &#8211; diácono e mártir São Lourenço sofreu o martírio durante a perseguição de Valeriano, em 258. Era o primeiro dos sete diáconos da Igreja romana. A sua função era muito importante o que fazia com que, depois do papa, fosse o primeiro responsável pelas coisas da Igreja. Como diácono, São Lourenço &#8230;</p>
