{"id":108,"date":"2017-04-19T02:56:55","date_gmt":"2017-04-19T05:56:55","guid":{"rendered":"http:\/\/saolourencodaserra.sp.gov.br\/novo\/?page_id=108"},"modified":"2024-04-12T09:29:26","modified_gmt":"2024-04-12T12:29:26","slug":"iss-imposto-sobre-servicos","status":"publish","type":"page","link":"http:\/\/saolourencodaserra.sp.gov.br\/novo\/iss-imposto-sobre-servicos\/","title":{"rendered":"ISS &#8211; Imposto Sobre Servi\u00e7os"},"content":{"rendered":"<h3>O que \u00e9 o ISS?<\/h3>\n<p style=\"text-align: justify;\">O <strong>ISS<\/strong> \u00e9 o <strong>Imposto Sobre Servi\u00e7os<\/strong> e veio substituir o antigo <strong>ISSQN (Imposto sobre Servi\u00e7os de Qualquer Natureza)<\/strong>. Ele \u00e9 um tributo de compet\u00eancia dos munic\u00edpios e Distrito Federal e incide sobre a presta\u00e7\u00e3o de servi\u00e7os. \u00c9 regido, a partir de 01 de agosto de 2003, pela <a href=\"http:\/\/www.portaltributario.com.br\/legislacao\/lc116.htm\" target=\"_blank\" rel=\"noopener noreferrer\"><strong>Lei complementar 116\/2003<\/strong><\/a>.<\/p>\n<p><strong>Fonte: <a href=\"http:\/\/www.quickbooks.com.br\/r\/impostos\/iss-entenda-o-que-e-e-para-o-que-serve-esse-imposto\/\" target=\"_blank\" rel=\"noopener noreferrer\">QuickBooks<\/a><\/strong><\/p>\n<h3>Documentos e informa\u00e7\u00f5es sobre o ISS e suas regras.<\/h3>\n\n\t<script type=\"text\/javascript\">\tjQuery(document).ready(function($){\tjQuery(\"ul.tabs-nav\").tabs(\"> .pane\"); }); <\/script>\n\n\t\t<div class=\"post-tabs\">\n\t\t<ul class=\"tabs-nav\"><li>Abertura de Empresas<\/li><li>Guia para Cadastro<\/li><li>Requerimento<\/li><\/ul>\n\t\t<div class=\"pane\">\n\t\t<strong>Documentos necess\u00e1rios para abertura de empresa.<\/strong><\/p>\n<p>1. CPF, RG. (S\u00f3cios) \u2013 Xerox autenticada.<br \/>\n2. Comprovante de Resid\u00eancia (Xerox autenticado).<br \/>\n3. Contrato Social Registrado ou Declara\u00e7\u00e3o de Firma Individual.<br \/>\n4. CNPJ.<br \/>\n5. IPTU do Exerc\u00edcio Atual.<br \/>\n6. CETESB.<br \/>\n7. Alvar\u00e1 de Constru\u00e7\u00e3o e Habite-se.<br \/>\n8. Alvar\u00e1 da Vigil\u00e2ncia Sanit\u00e1ria.<br \/>\n9. Auto de Vistoria do Corpo de Bombeiros.<br \/>\n10. Contrato de Loca\u00e7\u00e3o do Im\u00f3vel com \u201cFirma\u201d reconhecida.<br \/>\n11. Inscri\u00e7\u00e3o Estadual \u2013 Quando tiver atividades Comerciais.<br \/>\n12. CORSESP \u2013 Quando Representa\u00e7\u00e3o.<br \/>\n13. Requerimento uma via e Guias para Cadastro duas vias.<br \/>\n14. Taxas.<\/p>\n<p>Se desejar pode fazer o download do arquivo em formato <strong>PDF <a href=\"http:\/\/saolourencodaserra.sp.gov.br\/novo\/wp-content\/uploads\/2024\/04\/GUIA-PARA-CADASTRO.pdf\">GUIA PARA CADASTRO<\/a><\/strong>.\n\t\t<\/div>\n\t\n\t\t<div class=\"pane\">\n\t\t<strong>Modelo da Guia para Cadastro de Contribuinte.<\/strong><br \/>\nAqui voc\u00ea pode baixar o arquivo aberto (Word\/doc) para preencher com seus dados completos.<\/p>\n<p>\u00bb<a href=\"http:\/\/saolourencodaserra.sp.gov.br\/novo\/wp-content\/uploads\/2024\/04\/Requerimento.doc\">Requerimento<\/a> para efetuar o download.\n\t\t<\/div>\n\t\n\t\t<div class=\"pane\">\n\t\t<strong>Modelo de Requerimento<\/strong><br \/>\nPrecisa de um modelo para fazer um requerimento? Basta fazer o download do arquivo em formato aberto (Word\/doc), preencher com todos os dados solicitados e ent\u00e3o efetuar seu requerimento.<\/p>\n<p>\u00bb <strong><a href=\"http:\/\/saolourencodaserra.sp.gov.br\/novo\/wp-content\/uploads\/2022\/10\/Requerimento.doc\">Cliqueaqui<\/a><\/strong> para efetuar o download.\n\t\t<\/div>\n\t\n\t\t<\/div>\n\t\n<p><strong>Lista de Servi\u00e7os e Al\u00edquotas<\/strong><br \/>\nDeseja saber quais as al\u00edquotas para o seu perfil de servi\u00e7o? Basta efetuar o download do arquivo em formato <strong>PDF <a href=\"http:\/\/saolourencodaserra.sp.gov.br\/novo\/wp-content\/uploads\/2021\/12\/Clique-Aqui.pdf\">Clique Aqui<\/a><\/strong><\/p>\n<p><strong>Importante!<\/strong> Para abrir ou visualizar os arquivos disponibilizados \u00e9 necess\u00e1rio ter o <em><strong>&#8220;Pacote Office\/Windows&#8221;<\/strong><\/em> ou compat\u00edvel instalado, ou ent\u00e3o o <a href=\"https:\/\/get.adobe.com\/br\/reader\/\" target=\"_blank\" rel=\"noopener noreferrer\"><strong>Acrobat Reader<\/strong><\/a> para arquivos em formato <strong>PDF<\/strong>.<\/p>\n<p>Em caso de d\u00favidas entre em contato conosco pessoalmente no endere\u00e7o abaixo, por telefone, ou ainda poder\u00e1 nos enviar um email atrav\u00e9s do formul\u00e1rio de contato dispon\u00edvel.<\/p>\n<p><strong>Prefeitura de S\u00e3o Louren\u00e7o da Serra<\/strong><br \/>\n<strong>Endere\u00e7o:<\/strong>\u00a0 Pra\u00e7a 10 de Agosto, 305 &#8211; Centro<br \/>\nS\u00e3o Louren\u00e7o da Serra &#8211; SP &#8211; CEP: 06890-000<br \/>\n<strong>Expediente:<\/strong> 8h as 17h<br \/>\n<strong>Fone:<\/strong> (11) 4687-2700 &#8211; <strong>E-mail:<\/strong> iss@saolourencodaserra.sp.gov.br<\/p>\n<p>&nbsp;<\/p>\n<div id=\"vfb-form-18\" class=\"visual-form-builder-container\"><form id=\"iss-18\" class=\"visual-form-builder vfb-form-18 \" method=\"post\" enctype=\"multipart\/form-data\">\n\t\t\t<input type=\"hidden\" name=\"form_id\" value=\"18\" \/><fieldset class=\"vfb-fieldset vfb-fieldset-1 atendimento-iss \" id=\"item-vfb-112\"><div class=\"vfb-legend\"><h3>Atendimento ISS<\/h3><\/div><ul class=\"vfb-section vfb-section-1\"><li class=\"vfb-item vfb-item-text  \" id=\"item-vfb-116\"><label for=\"vfb-116\" class=\"vfb-desc\">Nome completo  <span class=\"vfb-required-asterisk\">*<\/span><\/label><input type=\"text\" name=\"vfb-116\" id=\"vfb-116\" value=\"\" class=\"vfb-text  vfb-medium  required  \" \/><\/li><li class=\"vfb-item vfb-item-text  \" id=\"item-vfb-121\"><label for=\"vfb-121\" class=\"vfb-desc\">Empresa  <span class=\"vfb-required-asterisk\">*<\/span><\/label><input type=\"text\" name=\"vfb-121\" id=\"vfb-121\" value=\"\" class=\"vfb-text  vfb-medium  required  \" \/><\/li><li class=\"vfb-item vfb-item-text  \" id=\"item-vfb-117\"><label for=\"vfb-117\" class=\"vfb-desc\">Telefone\/Celular  <span class=\"vfb-required-asterisk\">*<\/span><\/label><input type=\"text\" name=\"vfb-117\" id=\"vfb-117\" value=\"\" class=\"vfb-text  vfb-medium  required  \" \/><\/li><li class=\"vfb-item vfb-item-email  \" id=\"item-vfb-118\"><label for=\"vfb-118\" class=\"vfb-desc\">Email  <span class=\"vfb-required-asterisk\">*<\/span><\/label><input type=\"email\" name=\"vfb-118\" id=\"vfb-118\" value=\"\" class=\"vfb-text  vfb-medium  required  email \" \/><\/li><li class=\"vfb-item vfb-item-text  \" id=\"item-vfb-119\"><label for=\"vfb-119\" class=\"vfb-desc\">Assunto <\/label><input type=\"text\" name=\"vfb-119\" id=\"vfb-119\" value=\"\" class=\"vfb-text  vfb-medium   \" \/><\/li><li class=\"vfb-item vfb-item-textarea  \" id=\"item-vfb-120\"><label for=\"vfb-120\" class=\"vfb-desc\">O que deseja?  <span class=\"vfb-required-asterisk\">*<\/span><\/label><div><textarea name=\"vfb-120\" id=\"vfb-120\" class=\"vfb-textarea  vfb-medium  required \"><\/textarea><\/div><\/li><li class=\"vfb-item vfb-item-upload-de-arquivo  \" id=\"item-vfb-272\"><label for=\"vfb-272\" class=\"vfb-desc\">Upload de arquivo <\/label><\/li><li class=\"vfb-item vfb-item-conjunto-de-campos  \" id=\"item-vfb-273\"><label for=\"vfb-273\" class=\"vfb-desc\">Conjunto de campos <\/label><\/li><\/ul>&nbsp;<\/fieldset><fieldset class=\"vfb-fieldset vfb-fieldset-2 verificacao \" id=\"item-vfb-113\" style=\"display:block\"><div class=\"vfb-legend\"><h3>Verifica\u00e7\u00e3o<\/h3><\/div><ul class=\"vfb-section vfb-section-2\"><li class=\"vfb-item vfb-item-secret\"  style=\"display:block\"><label for=\"vfb-114\" class=\"vfb-desc\">Insira ao menos 2 d\u00edgitos<\/label><input type=\"hidden\" name=\"_vfb-required-secret\" value=\"0\" \/><input type=\"hidden\" name=\"_vfb-secret\" value=\"vfb-114\" \/><span class=\"vfb-span\"><input type=\"text\" name=\"vfb-114\" id=\"vfb-114\" value=\"\" class=\"vfb-text  vfb-medium  {digits:true,maxlength:2,minlength:2} \" style=\"display:block\" \/><label>Exemplo: 12<\/label><\/span><li style=\"display:none;\"><label>This box is for spam protection - <strong>please leave it blank<\/strong>:<\/label><div><input name=\"vfb-spam\" \/><\/div><\/li>\n\t\t\t<li class=\"vfb-item vfb-item-submit\" id=\"item-vfb-115\">\n\t\t\t\t\t\t<input type=\"submit\" name=\"vfb-submit\" id=\"vfb-115\" value=\"Enviar\" class=\"vfb-submit \" \/>\n\t\t\t\t\t\t<\/li><\/ul>\n\t\t\t<\/fieldset><input type=\"hidden\" name=\"_wp_http_referer\" value=\"\/novo\/wp-json\/wp\/v2\/pages\/108\" \/><\/form><\/div> <!-- .visual-form-builder-container -->\n","protected":false},"excerpt":{"rendered":"<p>O que \u00e9 o ISS? O ISS \u00e9 o Imposto Sobre Servi\u00e7os e veio substituir o antigo ISSQN (Imposto sobre Servi\u00e7os de Qualquer Natureza). Ele \u00e9 um tributo de compet\u00eancia dos munic\u00edpios e Distrito Federal e incide sobre a presta\u00e7\u00e3o de servi\u00e7os. \u00c9 regido, a partir de 01 de agosto de 2003, pela Lei complementar &#8230;<\/p>\n","protected":false},"author":1,"featured_media":0,"parent":0,"menu_order":0,"comment_status":"closed","ping_status":"closed","template":"","meta":[],"_links":{"self":[{"href":"http:\/\/saolourencodaserra.sp.gov.br\/novo\/wp-json\/wp\/v2\/pages\/108"}],"collection":[{"href":"http:\/\/saolourencodaserra.sp.gov.br\/novo\/wp-json\/wp\/v2\/pages"}],"about":[{"href":"http:\/\/saolourencodaserra.sp.gov.br\/novo\/wp-json\/wp\/v2\/types\/page"}],"author":[{"embeddable":true,"href":"http:\/\/saolourencodaserra.sp.gov.br\/novo\/wp-json\/wp\/v2\/users\/1"}],"replies":[{"embeddable":true,"href":"http:\/\/saolourencodaserra.sp.gov.br\/novo\/wp-json\/wp\/v2\/comments?post=108"}],"version-history":[{"count":0,"href":"http:\/\/saolourencodaserra.sp.gov.br\/novo\/wp-json\/wp\/v2\/pages\/108\/revisions"}],"wp:attachment":[{"href":"http:\/\/saolourencodaserra.sp.gov.br\/novo\/wp-json\/wp\/v2\/media?parent=108"}],"curies":[{"name":"wp","href":"https:\/\/api.w.org\/{rel}","templated":true}]}}